is the hundred thousands digit of 234320884?
3
What is the hundreds digit of 43738572?
5
What is the tens digit of 30038471?
7
What is the millions digit of 5748057903?
8
What is the tens digit of 1037847552?
5
What is the units digit of 77119024?
4
What is the millions digit of 723536895?
3
What is the hundreds digit of 938052650?
6
What is the millions digit of 15798426?
5
What is the thousands digit of 1233058229?
8
What is the ten thousands digit of 69252058?
5
What is the ten millions digit of 202834117?
0
What is the hundred thousands digit of 3057735655?
7
What is the ten millions digit of 534860482?
3
What is the units digit of 8835666?
6
What is the tens digit of 1175193956?
5
What is the hundred thousands digit of 132226798?
2
What is the units digit of 2014207029?
9
What is the units digit of 2668242101?
1
What is the millions digit of 4059817?
4
What is the tens digit of 596021763?
6
What is the thousands digit of 105713894?
3
What is the hundred thousands digit of 3193259074?
2
What is the ten millions digit of 120720138?
2
What is the millions digit of 92411415?
2
What is the millions digit of 5598489673?
8
What is the hundreds digit of 5747581147?
1
What is the hundreds digit of 521523674?
6
What is the ten thousands digit of 475246544?
4
What is the millions digit of 33367142?
3
What is the ten millions digit of 933226595?
3
What is the units digit of 133623158?
8
What is the hundreds digit of 121345598?
5
What is the ten millions digit of 131223414?
3
What is the thousands digit of 1296168616?
8
What is the hundred thousands digit of 4104615030?
6
What is the ten thousands digit of 100543803?
4
What is the ten millions digit of 243437957?
4
What is the millions digit of 3079553?
3
What is the units digit of 18786663?
3
What is the ten millions digit of 973926865?
7
What is the ten thousands digit of 1672179597?
7
What is the units digit of 3799111?
1
What is the hundred thousands digit of 221348974?
3
What is the units digit of 431141222?
2
What is the units digit of 15442851?
1
What is the ten millions digit of 18353448?
1
What is the hundred thousands digit of 136537642?
5
What is the hundreds digit of 94778735?
7
What is the hundred millions digit of 154888361?
1
What is the units digit of 893385906?
6
What is the billions digit of 3210724838?
3
What is the ten millions digit of 122655930?
2
What is the millions digit of 135440027?
5
What is the hundreds digit of 26732727?
7
What is the millions digit of 98241778?
8
What is the hundred thousands digit of 888835661?
8
What is the hundreds digit of 615982946?
9
What is the thousands digit of 15385555?
5
What is the hundred millions digit of 3459824189?
4
What is the hundreds digit of 258197984?
9
What is the units digit of 29222751?
1
What is the hundreds digit of 416016899?
8
What is the tens digit of 539494148?
4
What is the ten thousands digit of 485750709?
5
What is the millions digit of 71083663?
1
What is the ten thousands digit of 1763934171?
3
What is the tens digit of 710987761?
6
What is the hundred thousands digit of 394548880?
5
What is the ten millions digit of 274004734?
7
What is the thousands digit of 920322773?
2
What is the millions digit of 681831722?
1
What is the hundreds digit of 2047645146?
1
What is the tens digit of 32851717?
1
What is the hundred thousands digit of 84416355?
4
What is the units digit of 1640567880?
0
What is the hundred thousands digit of 466133965?
1
What is the hundred thousands digit of 984286285?
2
What is the thousands digit of 9738799?
8
What is the hundreds digit of 17729810?
8
What is the ten millions digit of 858421739?
5
What is the thousands digit of 108956149?
6
What is the ten thousands digit of 27865127?
6
What is the ten millions digit of 98871580?
9
What is the units digit of 3872104?
4
What is the hundred millions digit of 501429607?
5
What is the ten thousands digit of 937907428?
0
What is the ten millions digit of 115595367?
1
What is the hundred millions digit of 1812546016?
8
What is the millions digit of 568053863?
8
What is the units digit of 75969389?
9
What is the hundreds digit of 365858277?
2
What is the hundred millions digit of 139242910?
1
What is the tens digit of 660252982?
8
What is the thousands digit of 12914434?
4
What is the tens digit of 3362852?
5
What is the ten thousands digit of 11053711?
5
What is the tens digit of 21126218?
1
What is the ten millions digit of 286983568?
8
What is the units digit of 149447734?
4
What is the thousands digit of 588414865?
4
What is the units digit of 2111730301?
1
What is the hundred thousands digit of 4518120299?
1
What is the tens digit of 240612231?
3
What is the ten thousands digit of 4463660?
6
What is the ten millions digit of 470694420?
7
What is the hundreds digit of 57388120?
1
What is the millions digit of 154965451?
4
What is the thousands digit of 4344761215?
1
What is the thousands digit of 4724890353?
0
What is the hundreds digit of 5094982084?
0
What is the millions digit of 2062291734?
2
What is the ten millions digit of 150997307?
5
What is the millions digit of 155495749?
5
What is the thousands digit of 395848419?
8
What is the hundred thousands digit of 94213841?
2
What is the units digit of 109937514?
4
What is the hundreds digit of 4047619?
6
What is the hundred thousands digit of 53257343?
2
What is the ten millions digit of 382613052?
8
What is the billions digit of 1547742845?
1
What is the ten millions digit of 113103772?
1
What is the thousands digit of 445684503?
4
What is the ten thousands digit of 8241615?
4
What is the hundreds digit of 48280677?
6
What is the thousands digit of 2731798320?
8
What is the ten millions digit of 2585604761?
8
What is the ten millions digit of 71899810?
7
What is the millions digit of 4281449146?
1
What is the millions digit of 832728932?
2
What is the ten millions digit of 1037594870?
3
What is the hundred thousands digit of 1695919472?
9
What is the ten millions digit of 98214980?
9
What is the ten thousands digit of 1725590018?
9
What is the thousands digit of 44670237?
0
What is the units digit of 233679951?
1
What is the millions digit of 681489777?
1
What is the hundred thousands digit of 385198757?
1
What is the ten millions digit of 254427937?
5
What is the units digit of 447418475?
5
What is the millions digit of 54181145?
4
What is the billions digit of 1205027688?
1
What is the thousands digit of 691995148?
5
What is the tens digit of 12888007?
0
What is the millions digit of 48365529?
8
What is the hundred thousands digit of 19781299?
7
What is the units digit of 698736886?
6
What is the hundred thousands digit of 742091557?
0
What is the billions digit of 6229619499?
6
What is the hundred thousands digit of 74448817?
4
What is the thousands digit of 18530249?
0
What is the hundred thousands digit of 265150421?
1
What is the thousands digit of 80243702?
3
What is the hundred thousands digit of 26994764?
9
What is the tens digit of 12091583?
8
What is the hundreds digit of 58467883?
8
What is the ten millions digit of 5818834947?
1
What is the ten thousands digit of 330629959?
2
What is the ten millions digit of 386482603?
8
What is the millions digit of 1379428449?
9
What is the ten thousands digit of 54087635?
8
What is the thousands digit of 44943793?
3
What is the units digit of 50230764?
4
What is the units digit of 532581387?
7
What is the units digit of 17901471?
1
What is the thousands digit of 46502199?
2
What is the ten millions digit of 127501481?
2
What is the units digit of 192349483?
3
What is the millions digit of 57339768?
7
What is the ten millions digit of 237913460?
3
What is the thousands digit of 1033652097?
2
What is the units digit of 2094660768?
8
What is the hundreds digit of 523049867?
8
What is the hundred millions digit of 250718753?
2
What is the hundreds digit of 77779371?
3
What is the ten thousands digit of 2342448336?
4
What is the hundred thousands digit of 2344816683?
8
What is the thousands digit of 43062940?
2
What is the millions digit of 1394029720?
4
What is the hundred thousands digit of 757586136?
5
What is the ten millions digit of 105898963?
0
What is the thousands digit of 223527669?
7
What is the billions digit of 1602515405?
1
What is the